 4 = 0. Suppose 2*f - 16 = -o*f. What is the tens digit of x(f)?
1
What is the tens digit of -2 + -3 - (1 - 213)?
0
Let n(y) = -y + 8. Let c be n(-7). Let s = c - 12. What is the units digit of s?
3
Let q = 1 - -63. Let h = -36 + q. What is the tens digit of h?
2
Suppose 3*g + 13 - 4 = 0. Let p be g - 4/((-4)/75). Suppose 0*b - 2*b = -5*j - 23, -3*b + p = 5*j. What is the tens digit of b?
1
Let s = -37 + 54. What is the tens digit of s?
1
Suppose -2*k + 3*x + 6 = 0, 4*k + 3*x - x = 28. Suppose -y - y - k = 4*p, -p - 24 = 5*y. What is the units digit of p?
1
Suppose 2*d = d + 6. Suppose -d*y + 4*y + 42 = 4*k, -5*k - 2*y = -52. What is the units digit of k?
0
Suppose 4*n + 4 = 8*n. Suppose b + p - n = 0, -5*b - p + 0*p = -1. Suppose -o = -b*o - 8. What is the units digit of o?
8
Suppose 3*b = 2*b. Let f(a) = a**3 + a**2 - 1. Let i be f(b). What is the units digit of i + 12 + -2 - -2?
1
Let g be 10/4*(0 - -2). Suppose 2*u - 3*o + 4*o - 69 = 0, 0 = 5*u - g*o - 165. What is the units digit of u?
4
Let l(c) = -2*c + 9*c + 2 + c**2 + 0 + 1. What is the tens digit of l(-8)?
1
Suppose 6 = -2*i, 0 = m - i + 38 - 230. Suppose 177 = 3*a + g, -4*a + 5*g = -7*a + m. What is the units digit of a?
8
Let p = 288 - 141. What is the tens digit of p?
4
Suppose 2*m = 5 + 3. Suppose 4*y - 115 = -5*z, -m*z - 3*y - 2*y = -101. What is the tens digit of z?
1
Suppose 0 = 4*j + j - 2*b - 488, 0 = b + 4. What is the units digit of j?
6
Let v be (-8)/(-20)*5 - -129. Suppose -3*l - 42 = -5*l - 3*h, -5*l = h - v. What is the units digit of l?
7
Suppose 5*j - 19 = 6*g - 3*g, g + 3 = j. Suppose g*l + l - 9 = 0. What is the units digit of (-1 - -5)/(2/l)?
6
Suppose -a - 10 = a. Let q = 15 + a. What is the tens digit of q?
1
Let q(m) = -m**3 - 9*m**2 - 11*m + 5. Let r be q(-9). What is the tens digit of (7/(28/r))/1?
2
Let n = -17 + 78. What is the units digit of n?
1
Let k be (-2 - -6)*(0 + -1). Let j(r) = 6*r**2 + 2*r - 13. Let s(x) = 5*x**2 + 3*x - 13. Let p(m) = k*j(m) + 5*s(m). What is the units digit of p(-9)?
5
Let k be -2 + 5 - (11 - -1). Let r = k - -27. What is the units digit of r?
8
Let v = 7 - 5. Suppose 0 = -v*k - 2*k - m + 166, 74 = 2*k + 5*m. What is the tens digit of k?
4
Let m be 0/(1/((-2)/4)). Suppose m = 4*t - 17 - 55. What is the tens digit of t?
1
Let g(o) = o**2 + 4*o. Let w be g(-4). Let c = w + 12. What is the tens digit of c?
1
Let r(x) = -x**3 + 7*x**2 - 6*x + 8. Let c be r(6). Let w(f) = f. What is the units digit of w(c)?
8
Let k be 1*-1 + (1 - 6). Let x = k + 12. What is the units digit of x?
6
What is the units digit of (-10)/35 - 400/(-28)?
4
Let u(r) = r + r + 1 - 3. Let m = -4 - -7. What is the units digit of u(m)?
4
Let w(f) = -f**2 + 10*f - 2. Let z be w(9). Suppose -2*x + z*x = 0. Suppose 6*r - r - 4*c - 2 = x, 5*c = 5*r. What is the units digit of r?
2
What is the tens digit of 89/4 - (-1)/(-4)?
2
Let w(u) = -4*u**3 - 8*u**2 + 8*u - 8. Let z(v) = v**3 + v**2 - v. Let d(c) = -w(c) - 3*z(c). Suppose f = -1 - 5. What is the units digit of d(f)?
2
Let f(p) = 14*p**2 + 4*p. What is the tens digit of f(2)?
6
Suppose -i - 2 - 13 = 0. Let u = -9 - i. Let v(m) = m. What is the units digit of v(u)?
6
Suppose 0 = -5*l - 4*n + 16, 3*n + 15 = -0*l + 3*l. Suppose 3 = 4*k - 9. Suppose 3*w + w = k*h + 42, l*w + 4*h = 28. What is the units digit of w?
9
Let d(p) = -p**3 + 4*p**2 + 5*p + 5. Let q be d(5). Let a(u) be the third derivative of -u**5/60 + u**4/4 + u**3/3 + 6*u**2. What is the units digit of a(q)?
7
Suppose 35 = 7*f - 2*f. What is the units digit of f?
7
Suppose -2*x - l - 3 = -4*l, -l + 1 = 0. Suppose x = 6*a - 52 - 170. What is the units digit of a?
7
What is the units digit of -314*((-9)/(-6) - 2)?
7
Suppose -5*b - 5*b + 1020 = 0. What is the hundreds digit of b?
1
Let u(z) = -z**3 - 2*z**2 + 6*z - 2. What is the tens digit of u(-5)?
4
Let r = 4 + -9. Let g(t) be the third derivative of -t**6/120 - t**5/15 + 5*t**4/24 + t**3/3 - t**2. What is the units digit of g(r)?
2
Let n(o) be the first derivative of o**3/3 + 4*o**2 + 7*o + 2. Let i be n(-6). What is the units digit of (-28)/(-20) - 3/i?
2
Suppose 2*j - 283 = -5*g + 301, j = 3*g + 314. What is the units digit of j?
2
Suppose 4*z = 3*c - 136, 2*z = 5*z - 6. What is the units digit of c?
8
Suppose 0 = -7*n + 12*n - x - 1384, -5*n = -5*x - 1380. What is the hundreds digit of n?
2
What is the tens digit of (-9)/45 + (-641)/(-5)?
2
Suppose -f = -4*p + 189, -2*f - f = 3. Suppose -p = -t - 21. What is the tens digit of t?
2
What is the units digit of (1 - 2)*(-3 + -2)?
5
Let y(g) be the second derivative of -g**3/2 + g**2/2 + 2*g. Let f be y(-3). Let w = 16 - f. What is the units digit of w?
6
Let i(f) = f**3 + 13*f**2 - 2*f - 4. What is the tens digit of i(-13)?
2
What is the units digit of 5 + -7 - (-1 + -5)?
4
Let w = 116 - -60. What is the units digit of w?
6
What is the units digit of (7/21)/((-4)/(-576))?
8
Suppose 3*i + 2 = d - 0, 2*d = -4*i + 4. Suppose 0 = -d*l + 13 - 29. What is the units digit of (3/(-2))/(1/l)?
2
Let k(x) = -x**3 + 5*x**2 - x - 3. What is the tens digit of k(3)?
1
Suppose 3*v = -2*x + 108, -5*v - 169 = -5*x + 151. What is the units digit of x?
0
Suppose -3*f + 15 = -3*s, 5 = f - 0*f + 5*s. Suppose 0 = v + f*c + 2, -2*v + 10 = -v - c. What is the units digit of v?
8
Let l be (-56)/12 - (-2)/3. Let t = -3 - l. Suppose t = p - 3. What is the units digit of p?
4
Let d(b) = b**2 + 4*b - 4. Let n be d(-5). Suppose 3*k = 7 - n. What is the units digit of k?
2
Let a = -12 - -20. Let c(r) = r - 8. Let t be c(a). Suppose t*f - 20 = -5*f. What is the units digit of f?
4
Suppose 1 = -4*t + 17. Let x(d) = d**2 - 2*d + 3. Let j be x(2). Suppose -2*b = t*h + 2*b + 4, -j*b = -h + 15. What is the units digit of h?
3
Let s = -174 + 291. What is the units digit of s?
7
Let g(a) = -a**3 + 7*a**2 - 3*a. What is the tens digit of g(6)?
1
Let c = 145 - -52. What is the hundreds digit of c?
1
Suppose -5*u + 186 = 3*p + 44, 4*u + 4 = 0. What is the tens digit of p?
4
Let t be ((-12)/5)/(3/(-15)). Let f = -30 - -38. What is the units digit of (f/t)/((-2)/(-21))?
7
Suppose 4*i = 5*l - 290, 0 = 3*i + 7 + 8. What is the units digit of l?
4
Suppose 3*k = -2*k - 70. Let v = -7 - k. What is the units digit of v?
7
Let v(s) = -s + 8. Let j be v(6). Suppose j*k - u - 4*u - 37 = 0, -5*k + 40 = 5*u. What is the tens digit of k?
1
Suppose 3*l - 37 = -13. Suppose -l*w + 6*w + 52 = 0. What is the units digit of w?
6
Let y(h) = -h**3 - 3*h**2 - 5*h - 2. Let g(m) = -m**2 - 4*m. Let t be g(-3). Suppose 2*c - t = -9. What is the units digit of y(c)?
3
Suppose -5*f + 2 + 30 = u, 2*u - 51 = 3*f. What is the tens digit of u?
2
Let j be (-4)/18 - 101/(-9). Suppose 0 = r - 20 - j. What is the units digit of r?
1
Let q(w) = -w**3 + 8*w**2 + 4. Let s be q(8). Suppose 5*r = i - 12, -3*i + s*r + 6 = -8. What is the units digit of ((-3)/6)/(i/(-36))?
9
Suppose -3*l + l - 12 = 0. Let h = 10 + l. What is the units digit of h?
4
Suppose 95 - 7 = 4*n + 4*r, 2*n - 41 = -5*r. What is the units digit of n?
3
Let j(a) = -a**3 + 7*a**2 + 9*a + 7. Let t be j(7). Let s = t - 47. What is the tens digit of s?
2
Let s = -13 + 19. Let q be -10 - 6*(-3)/s. Let u = 9 - q. What is the tens digit of u?
1
Let g(j) = -j**3 - 5*j**2 - 4*j + 5. Let x be g(-4). Suppose 10 + 2 = 2*u. Suppose -x*v = -s + u*s - 15, -s + v = -5. What is the units digit of s?
4
Let y = 6 - -9. What is the units digit of (-32)/12*y/(-4)?
0
Let t(n) be the first derivative of 1/3*n**3 + 1 - 5/2*n**2 + n. What is the units digit of t(6)?
7
Let f(r) = -r**3 - 8*r**2 - 8*r - 2. Let g be f(-7). Suppose -g*s + 8 = -27. What is the units digit of s?
7
Let a(v) = v**3 + 6*v**2 + 5*v + 3. Let r be a(-5). Suppose r*z + 31 = -2*w - 3*w, 0 = 5*z + 5*w + 55. What is the units digit of (-78)/(-8) + (-3)/z?
0
Let g(i) = -i**3 + 5*i**2 - 3*i + 1. Let p(z) = 0 + 3*z + 0*z**2 + 3 - z**2. Let d be p(3). What is the units digit of g(d)?
0
Suppose -2*x + 3*f + 27 = x, x - 4*f = 18. Let k = 3 + x. What is the units digit of k?
9
Let v(z) be the third derivative of z**4/24 + 5*z**3/3 - 4*z**2. Let l be -3*(3 - (-4)/(-6)). What is the units digit of v(l)?
3
Suppose 3*x = 6 - 0. Suppose k - 2*u - 4 = 0, -k - 3*u - u - x = 0. What is the units digit of k?
2
Suppose -5*g + 55 = -3*b, 3*